{"id":625,"date":"2018-09-28T01:53:56","date_gmt":"2018-09-27T23:53:56","guid":{"rendered":"http:\/\/ktifp.amu.edu.pl\/?page_id=625"},"modified":"2024-10-23T22:24:32","modified_gmt":"2024-10-23T20:24:32","slug":"mgr-weronika-dziegielewska","status":"publish","type":"page","link":"https:\/\/tifp.amu.edu.pl\/?page_id=625","title":{"rendered":"mgr Weronika Dzi\u0119gielewska"},"content":{"rendered":"<p><img loading=\"lazy\" decoding=\"async\" class=\"wp-image-626 alignleft\" src=\"http:\/\/ktifp.amu.edu.pl\/wp-content\/uploads\/2018\/09\/Weronika-Dzi\u0119gielewska-DSC_3629_pp-Dyplom-207x300.jpg\" alt=\"\" width=\"143\" height=\"208\" srcset=\"https:\/\/tifp.amu.edu.pl\/wp-content\/uploads\/2018\/09\/Weronika-Dzi\u0119gielewska-DSC_3629_pp-Dyplom-207x300.jpg 207w, https:\/\/tifp.amu.edu.pl\/wp-content\/uploads\/2018\/09\/Weronika-Dzi\u0119gielewska-DSC_3629_pp-Dyplom.jpg 531w\" sizes=\"auto, (max-width: 143px) 100vw, 143px\" \/><span style=\"color: #000000;\"><strong>Stanowisko:<\/strong> doktorantka<br \/>\n<strong>Praktyka zawodowa:<\/strong> prawnik<br \/>\n<\/span><\/p>\n<p><span style=\"color: #000000;\"><strong>E-mail:<\/strong> weronika.dziegielewska@amu.<wbr \/>edu.pl<\/span><br \/>\n<span style=\"color: #000000;\"> <strong>Dy\u017cury:<\/strong><br \/>\n<\/span>czwartek 19:00, p. 231 Coll. Rubrum lub Teams (po wcze\u015bniejszym um\u00f3wieniu)<\/p>\n<p><span style=\"color: #000000;\">\u00a0<\/span><\/p>\n<p style=\"text-align: justify;\"><span style=\"color: #000000;\"><strong>Zainteresowania naukowe:<\/strong> pragmatyczne i analityczne teorie prawa, filozofia j\u0119zyka, inferencjalizm, normatywno\u015b\u0107 prawa, rozumowania prawnicze<br \/>\n<\/span><\/p>\n<p><strong><br \/>\nSYLWETKA NAUKOWA<\/strong><\/p>\n<p><span style=\"color: #000000;\"><strong>I. Wykszta\u0142cenie<\/strong><\/span><\/p>\n<p style=\"text-align: justify;\"><strong>2019<\/strong>: uko\u0144czone studia licencjackie na kierunku filozofia, Instytut Filozofii UAM; tytu\u0142 pracy licencjackiej: \u2018<i>Normatywno\u015b\u0107 prawa i intencjonalno\u015b\u0107. Analityczna teoria prawa Scotta Shapiro w perspektywie krytycznej<\/i>\u2019, pod kierunkiem prof. UAM dr hab. Karoliny Cern i prof. dr hab. Piotra Makowskiego<br \/>\n<span style=\"color: #000000;\"><strong>2018:<\/strong> uko\u0144czone magisterskie studia prawnicze, Wydzia\u0142 Prawa i Administracji <\/span><span style=\"color: #000000;\">UAM; praca magisterska: \u201e<em>Wsp\u00f3\u0142czesne koncepcje normatywno\u015bci prawa a poj\u0119cie obowi\u0105zywania w pozna\u0144skiej szkole teorii prawa<\/em>\u201d, napisana <\/span><span style=\"color: #000000;\">pod kierunkiem prof. Marka Smolaka<\/span><\/p>\n<p><span style=\"color: #000000;\"><strong>II.Publikacje<\/strong><\/span><\/p>\n<p><em>II.1 Artyku\u0142y w czasopismach i pracach zbiorowych<\/em><\/p>\n<ol>\n<li><em>The Normativity of Law and Normative Vocabularies in Law: The Inferentialist Explanatory Route<\/em>, w: M. Dybowski, V. Klappstein (red.),\u00a0 <em>Languages of the Law. Vocabularies and Uses<\/em>, Springer (przyj\u0119ta do druku).<\/li>\n<li><a href=\"https:\/\/www.taylorfrancis.com\/chapters\/edit\/10.4324\/9781003428794-14\/normative-change-legal-practice1-weronika-dzi%C4%99gielewska?context=ubx&amp;refId=fd96863f-4523-40db-b030-c5c0e66f09ce\">Normative Change in Legal Practice<\/a>, w: M. Dybowski, W. Dzi\u0119gielewska, W. Rzepi\u0144ski (red.), <a href=\"https:\/\/www.taylorfrancis.com\/books\/edit\/10.4324\/9781003428794\/practice-theory-law-maciej-dybowski-weronika-dzi%C4%99gielewska-wojciech-rzepi%C5%84ski\">Practice Theory and Law. On Practices in Legal and Social Sciences<\/a>, Routledge, Abingdon \u2013 Nowy Jork 2024, s. 265-292.<\/li>\n<li>(z M. Dybowskim i W. Rzepi\u0144skim) <a href=\"https:\/\/www.taylorfrancis.com\/chapters\/edit\/10.4324\/9781003428794-1\/introduction-practice-theory-law-maciej-dybowski-weronika-dzi%C4%99gielewska-wojciech-rzepi%C5%84ski?context=ubx&amp;refId=38152f7a-d1c2-4dc2-a691-e9c7e541e0ec\">Why Practice Theory and Law. Introduction<\/a>, w: M. Dybowski, W. Dzi\u0119gielewska, W. Rzepi\u0144ski (red.),\u00a0<a href=\"https:\/\/www.taylorfrancis.com\/books\/edit\/10.4324\/9781003428794\/practice-theory-law-maciej-dybowski-weronika-dzi%C4%99gielewska-wojciech-rzepi%C5%84ski\">Practice Theory and Law. On Practices in Legal and Social Sciences<\/a>, Routledge, Abingdon \u2013 Nowy Jork 2024, s. 1-20.<\/li>\n<li>(z W. Rzepi\u0144skim), <a href=\"https:\/\/www.degruyter.com\/document\/doi\/10.1515\/9783110799651-009\/html?fbclid=IwAR3b0qWvneM3IdMBbELkAcMfPugxy1aTRw0SIdufUfCsUYCc4GQ_wL38nuk\">What is practical about law? Contemporary legal philosophy on legal practice<\/a>, w: J. Engberg, <a href=\"https:\/\/www.degruyter.com\/document\/doi\/10.1515\/9783110799651\/html\">Between Text, Meaning and Legal Languages. Linguistic Approaches to Legal Interpretation<\/a>, Foundations in Language and Law, De Gruyter Mouton, Berlin-Boston, 2023, s. 145-171.<\/li>\n<li><span style=\"color: #000000;\">(z M. Dybowskim i W. Rzepi\u0144skim), <\/span><a href=\"https:\/\/doi.org\/10.1007\/s11229-022-03997-0\">Game analogy in law reconsidered: is evidence at stake?<\/a><span style=\"color: #000000;\">,\u00a0Synthese 2022, z.\u00a0200, nr art. 517.<\/span><\/li>\n<li><em><a href=\"https:\/\/link.springer.com\/chapter\/10.1007\/978-3-030-83841-6_4\">Why Are We Bound by Evidence? On The Normative Stance of Legal Proof<\/a>,<\/em> w: Klappstein V., Dybowski M. (red.) Theory of Legal Evidence &#8211; Evidence in Legal Theory. Law and Philosophy Library, vol 138. Springer<\/li>\n<li><em><a href=\"https:\/\/pressto.amu.edu.pl\/index.php\/rpeis\/article\/view\/24728\">Normatywno\u015b\u0107 obowi\u0105zywania norm prawnych w koncepcji pozna\u0144sko-szczeci\u0144skiej szko\u0142y teorii prawa. Perspektywa pragmatyzmu analitycznego<\/a>,<\/em> Ruch Prawniczy, Ekonomiczny i Socjologiczny, <i>82<\/i>(2), s. 91-107.<\/li>\n<\/ol>\n<p><em>II.2 Redakcje naukowe<\/em><\/p>\n<ol>\n<li>(z M. Dybowskim i W. Rzepi\u0144skim) <a href=\"https:\/\/www.taylorfrancis.com\/books\/edit\/10.4324\/9781003428794\/practice-theory-law-maciej-dybowski-weronika-dzi%C4%99gielewska-wojciech-rzepi%C5%84ski\">Practice Theory and Law. On Practices in Legal and Social Sciences<\/a>, Routledge, Abingdon \u2013 Nowy Jork 2024.<\/li>\n<\/ol>\n<p><span style=\"color: #000000;\"><strong>III. Konferencje naukowe<br \/>\n<\/strong><\/span><\/p>\n<ol>\n<li>2024 IVR World Congress \u201eThe Rule of Law, Justice, and the Future of Democracy\u201d, Soongsil University w Seulu, Korea Po\u0142udniowa (7-12 VII 2024); referat \u201e<em>Translating Reasons to Defaults: Default reasoning in law and NLP<\/em>\u201d w ramach zorganizowanego wraz z dr. \u0141ukaszem Szoszkiewiczem (UAM), mgr. Wojciechem Biernackim (UAM) oraz mgr Wojciechem Rzepi\u0144skim (UAM) panelu roboczego \u201e<em>Is Law (just) Code? Natural Language Processing and Law<\/em>\u201d<\/li>\n<li>XII Polski Zjazd Filozoficzny (11-16 IX 2023), Uniwersytet \u0141\u00f3dzki; referat w ramach Sekcji Filozofii Dzia\u0142ania, pt. \u201e<em>Can action be objective? On the consequences of Brandom\u2019s account of reason-giving<\/em>\u201d<\/li>\n<li><span style=\"color: #000000;\">2022 IVR World Congress<\/span> \u201c<i>Justice, Community and Freedom<\/i>\u201d,\u00a0D<span style=\"color: #000000;\">imitrie Cantemir Christian University w Bukareszcie, Rumunia (3-8 VII 2022); referat<\/span> <em>\u201eWhat is practical about law\u2019s n<i>ormativity (and why it is the other way round)<\/i>\u201d<\/em><span style=\"color: #000000;\"> w trakcie zorganizowanego wraz z mgr. Wojciechem Rzepi\u0144skim (UAM) panelu roboczego<\/span> <em>\u201cIntersections of the Practices: Linguistic, Social, Legal\u201d<\/em><\/li>\n<li><span style=\"color: #000000;\">2022 IVR World Congress<\/span> \u201c<i>Justice, Community and Freedom<\/i>\u201d,\u00a0<span style=\"color: #000000;\">Dimitrie Cantemir Christian University w Bukareszcie, Rumunia (3-8 VII 2022); referat<\/span> \u201e<em>Normativity of Law and the Normative Vocabularies in Law. A Pragmatist Route From Legal Situations to Legal Norms<\/em>\u201d <span style=\"color: #000000;\">w trakcie zorganizowanego przez dr. Macieja Dybowskiego (UAM) oraz dr Veren\u0119 Klappstein (Uniwersytet w Passau) panelu roboczego<\/span> \u201c<em>Languages of the law:\u00a0<\/em><i>vocabularies and uses<\/i>\u201d<\/li>\n<li><span style=\"color: #000000;\">Konferencja<\/span> Argumentation 2021, <span style=\"color: #000000;\">Uniwersytet Masaryka w Brnie (22 X 2021); referat: \u201e<\/span>The Normativity of Legal Discursive Practice: On the Third Scope of Reason-Giving<span style=\"color: #000000;\"><em>&#8222;<\/em><\/span><\/li>\n<li><span style=\"color: #000000;\">Konferencja<\/span>\u00a0\u201e<em>Evidence in Law and Ethics<\/em>\u201d, <span style=\"color: #000000;\">UJ (4-5 IV 2019); referat (wraz z M. Dybowskim i W. Rzepi\u0144skim):<\/span>\u00a0\u201e<a href=\"http:\/\/www.incet.uj.edu.pl\/wp-content\/uploads\/2019\/03\/Dybowski-Dzi\u0119gielewska-Rzepi\u0144ski.pdf\"><em>Reclaiming Evidence &#8211; On Exchanging Reasons in Legal Practice<\/em><\/a><\/li>\n<li><span style=\"color: #000000;\">Konferencja \u201e<em>Pozna\u0144ska teoria prawa. Recepcja i polemiki<\/em>\u201d, UAM (2 VI 2017); referat: \u201e<em>Idealizacja i konkretyzacja w kontek\u015bcie wyk\u0142adni funkcjonalnej&#8221;<\/em><\/span><\/li>\n<li><span style=\"color: #000000;\">Konferencja \u201e<em>Sfera publiczna i sfera prywatna w XXI wieku<\/em>\u201d, UAM<br \/>\n(Obrzycko, 21-23 IV 2017); referat: \u201e<em>Racjonalno\u015b\u0107 i rozumno\u015b\u0107<br \/>\nw uj\u0119ciu J. Rawlsa a koncepcja racjonalnego prawodawcy&#8221;<\/em><\/span><\/li>\n<li><span style=\"color: #000000;\">(z W. Rzepi\u0144skim) Og\u00f3lnopolskie Sympozjum Filozoficzne \u201e<em>Demokracja-Praworz\u0105dno\u015b\u0107-Sprawiedliwo\u015b\u0107<\/em>\u201d,\u00a0 UAM (Ci\u0105\u017ce\u0144, 1-3 VII 2016);<br \/>\nreferat: <em>\u201eNiekonkluzywno\u015b\u0107 aksjologiczna a dobro wsp\u00f3lne<\/em>\u201d<\/span><\/li>\n<li><span style=\"color: #000000;\">(z W. Rzepi\u0144skim) Konferencja \u201e<em>Teoria jako praktyka. Zagadnienia teoretycznoprawne<\/em>\u201d, (UAM, 3 VI 2016); referat: <em>\u201e<\/em><em>Prawodawstwo<br \/>\njako proces wymiany racji<\/em>\u201d<\/span><\/li>\n<li><span style=\"color: #000000;\">Konferencja \u201e<em>Wyk\u0142adnia prawa. Zagadnienia teoretycznoprawne,<br \/>\nfilozoficznoprawne i dogmatycznoprawne<\/em>\u201d, Uniwersytet Szczeci\u0144ski <\/span><br \/>\n<span style=\"color: #000000;\">(12 IV 2016); referat: \u201e<em>Dobro wsp\u00f3lne a niekonkluzywno\u015b\u0107 zasad prawa&#8221;<\/em><\/span><\/li>\n<li><span style=\"color: #000000;\">Konferencja \u201e<em>Interculturalism, religious freedom, political community<\/em>\u201d , <\/span><br \/>\n<span style=\"color: #000000;\"><span class=\"st\">University of Navarra<\/span>, Pampeluna, Hiszpania (21 X 2015);\u00a0 referat \u201e<em>Common<br \/>\ngood in solving hard cases in the light of antropoarchical theory of law&#8221;<\/em><\/span><\/li>\n<li><span style=\"color: #000000;\">Og\u00f3lnopolska Konferencja Naukowa \u201e<em>Prawo wobec pluralizmu kulturowego<\/em>\u201c Warszawa (15 V 2015); prezentacja eseju: \u201e<em>Sztuka a obraza uczu\u0107 religijnych<br \/>\nw kontek\u015bcie antropoarchicznej teorii prawa&#8221;<\/em><\/span><\/li>\n<li><span style=\"color: #000000;\">Konferencja \u201eGlobalization and Law\u201d, <span class=\"st\">University of Navarra<\/span>, Pampeluna, <\/span><br \/>\n<span style=\"color: #000000;\">Hiszpania (28 X 2014); referat \u201e<em>Freedom of artistic expression<br \/>\nas a blasphemy. Collision of freedom&#8221; <\/em><\/span><\/li>\n<\/ol>\n<p><span style=\"color: #000000;\"><strong>III. Zagraniczne wyjazdy naukowe<br \/>\n<\/strong><\/span><\/p>\n<p><span style=\"color: #000000;\"><strong>2021: <\/strong>Visiting Researcher, Dartmouth College, Hanover (NH)<strong><br \/>\n2017-2018: <\/strong>Universita degli Studi di Milano w Mediolanie &#8211; studia <\/span><br \/>\n<span style=\"color: #000000;\">w ramach programu Erasmus<\/span><br \/>\n<span style=\"color: #000000;\"><strong>2016: <\/strong>Uniwersytet im. Mykolasa Romerisa w Wilnie &#8211; Mi\u0119dzynarodowa <\/span><br \/>\n<span style=\"color: #000000;\">Szko\u0142a Letnia Praw Cz\u0142owieka zorganizowana w ramach projektu WISE<\/span><\/p>\n<p><strong>IV. Projekty badawcze<\/strong><\/p>\n<p><strong>2022 \u2013 \u2026:\u00a0<\/strong>Kierownik projektu badawczego finansowanego przez Narodowego Centrum Nauki \u2013 Preludium 20; tytu\u0142 projektu: \u201e<em><a href=\"http:\/\/www.ncn.gov.pl\/sites\/default\/files\/listy-rankingowe\/2021-03-15bhga1\/streszczenia\/519548-pl.pdf\" target=\"_blank\" rel=\"noopener\">Semantyczna analiza racji w sytuacjach prawnych<\/a>&#8222;<\/em>, (2021\/41\/N\/HS5\/02507).<\/p>\n<p><span style=\"color: #000000;\"><strong>V. Grupy badawcze i ko\u0142a naukowe<\/strong><\/span><\/p>\n<p><span style=\"color: #000000;\"><em>V.1. Grupy badawcze<\/em><\/span><\/p>\n<p><span style=\"color: #000000;\"><strong>2018: <\/strong>Uczestnictwo w grupie badawczej Instytutu Filozofii \u201e<em>Filozofia i historia komunikacji<\/em>\u201d pod kierownictwem prof. Micha\u0142a Wendlanda<\/span><br \/>\n<span style=\"color: #000000;\"><strong>2016-2017: <\/strong>Uczestnictwo w grupie badawczej Instytutu Filozofii \u201e<em>Sfera publiczna <\/em><\/span><br \/>\n<span style=\"color: #000000;\"><em>a prywatno\u015b\u0107<\/em>\u201d pod kierownictwem prof. Krzysztofa Przybyszewskiego<\/span><\/p>\n<p><span style=\"color: #000000;\"><em>V.2. Ko\u0142a naukowe<br \/>\n<\/em><\/span><\/p>\n<p><span style=\"color: #000000;\"><strong>2016-2018: <\/strong>Ko\u0142o Naukowe Student\u00f3w Filozofii UAM, <\/span><span style=\"color: #000000;\">Sekcja \u017bycia Publicznego; cz\u0142onek<\/span><br \/>\n<span style=\"color: #000000;\"><strong>2014-2018: <\/strong>Ko\u0142o Naukowe Teorii i Filozofii Prawa <\/span><span style=\"color: #000000;\">im. Zygmunta Ziembi\u0144skiego; cz\u0142onek-za\u0142o\u017cyciel<\/span><\/p>\n<p><span style=\"color: #000000;\"><strong>VI. Nagrody i wyr\u00f3\u017cnienia<br \/>\n<\/strong><\/span><\/p>\n<p><span style=\"color: #000000;\"><strong>2021: <\/strong>Fulbright Junior Researcher Award<strong><br \/>\n2017-2018: <\/strong>Stypendium Rektora dla najlepszych student\u00f3w II stopnia<\/span><br \/>\n<span style=\"color: #000000;\"><strong>2016-20<span style=\"color: #000000;\">17: <\/span><\/strong>Stypendium Rektora dla najlepszych student\u00f3w II stopnia<\/span><br \/>\n<span style=\"color: #000000;\"><strong>2015-2016:<\/strong> Stypendium Rektora dla najlepszych student\u00f3w III stopnia<\/span><\/p>\n<p><span style=\"color: #000000;\"><strong>VII. Inne kursy, szkolenia, certyfikaty<br \/>\n<\/strong><\/span><\/p>\n<p><span style=\"color: #000000;\"><strong>2013: <\/strong><em>Certificate of Proficiency in English <\/em>(poziom C2), Uniwersytet w Cambridge<\/span><\/p>\n","protected":false},"excerpt":{"rendered":"<p>Stanowisko: doktorantka Praktyka zawodowa: prawnik E-mail: weronika.dziegielewska@amu.edu.pl Dy\u017cury: czwartek 19:00, p. 231 Coll. Rubrum lub Teams (po wcze\u015bniejszym um\u00f3wieniu) \u00a0 Zainteresowania naukowe: pragmatyczne i analityczne teorie prawa, filozofia j\u0119zyka, inferencjalizm, normatywno\u015b\u0107 prawa, rozumowania prawnicze SYLWETKA NAUKOWA I. Wykszta\u0142cenie 2019: uko\u0144czone &hellip; <a href=\"https:\/\/tifp.amu.edu.pl\/?page_id=625\">Czytaj dalej <span class=\"meta-nav\">&rarr;<\/span><\/a><\/p>\n","protected":false},"author":1,"featured_media":0,"parent":0,"menu_order":0,"comment_status":"closed","ping_status":"closed","template":"","meta":{"footnotes":""},"class_list":["post-625","page","type-page","status-publish","hentry"],"_links":{"self":[{"href":"https:\/\/tifp.amu.edu.pl\/index.php?rest_route=\/wp\/v2\/pages\/625","targetHints":{"allow":["GET"]}}],"collection":[{"href":"https:\/\/tifp.amu.edu.pl\/index.php?rest_route=\/wp\/v2\/pages"}],"about":[{"href":"https:\/\/tifp.amu.edu.pl\/index.php?rest_route=\/wp\/v2\/types\/page"}],"author":[{"embeddable":true,"href":"https:\/\/tifp.amu.edu.pl\/index.php?rest_route=\/wp\/v2\/users\/1"}],"replies":[{"embeddable":true,"href":"https:\/\/tifp.amu.edu.pl\/index.php?rest_route=%2Fwp%2Fv2%2Fcomments&post=625"}],"version-history":[{"count":0,"href":"https:\/\/tifp.amu.edu.pl\/index.php?rest_route=\/wp\/v2\/pages\/625\/revisions"}],"wp:attachment":[{"href":"https:\/\/tifp.amu.edu.pl\/index.php?rest_route=%2Fwp%2Fv2%2Fmedia&parent=625"}],"curies":[{"name":"wp","href":"https:\/\/api.w.org\/{rel}","templated":true}]}}